t p = -13 - -15. Let s be (-1)/p - (-455)/10. What is the greatest common divisor of 18 and s?
9
Let u = 30 + -12. What is the greatest common factor of u and 198?
18
Suppose 0 = -3*w + 2*y - 7*y + 101, 0 = 5*y - 20. Let l = -7 + 1. Let g be ((-9)/l)/((-2)/(-12)). Calculate the greatest common factor of w and g.
9
Let y be 0/(-2) + 9 + 161. What is the highest common factor of 34 and y?
34
Let m = -5 - -29. Suppose -2*i = -5*i + 18. Suppose s + s - i = 0. Calculate the highest common divisor of s and m.
3
Let i = 0 - -1. Let o = i + 1. Suppose -3*d = o*d - 200. What is the greatest common factor of d and 8?
8
Let x = 169 - 9. Suppose 4*g - x = -g + 2*m, 10 = g + 4*m. Calculate the greatest common factor of 210 and g.
30
Let j be -2 + 12 + -3 + 0. What is the highest common factor of 7 and j?
7
Let j be (-78)/(-4) - 50/(-20). Calculate the greatest common divisor of 154 and j.
22
Let b be (-216)/(-63) - (-3)/(-7). Let d = b + 37. What is the highest common divisor of d and 8?
8
Suppose -3*y - 5 - 19 = u, 24 = -3*y + 2*u. Let r(k) = -k**2 - 8*k + 9. Let b be r(y). Suppose -3*m + 66 = -69. Calculate the greatest common factor of m and b.
9
Let c(s) = 6*s + 2. Let q be c(2). What is the greatest common divisor of q and 70?
14
Suppose 0 = -67*b + 72*b - 105. Let y = -264 + 495. What is the greatest common factor of b and y?
21
Let c = -62 + 42. Let v be ((-12)/(-5))/((-3)/c). Let q(b) = b**2 + 2*b - 7. Let f be q(-5). What is the greatest common factor of f and v?
8
Let u be (-1)/6 + 124/24. What is the highest common factor of u and 10?
5
Suppose -16*p + 20*p = 420. Suppose -6*c = -c - 210. What is the greatest common divisor of p and c?
21
Let v be 1/(-5) + (-51)/(-5). Let k be (6 - (1 - -1))*v. Let q be (2 + -3)*-8 + 2. What is the greatest common divisor of k and q?
10
Suppose r - 5*w = 1 - 0, -3*r + 20 = 2*w. Let x(i) = i. Let j be x(13). Let d = 17 - j. What is the greatest common factor of r and d?
2
Let u(h) = -h - 2*h**3 + 5*h**2 - 7*h + h**3 + 2*h**3 - 9. Let y be u(-6). What is the greatest common divisor of 21 and y?
3
Let r(x) = x**3 - 8*x**2 + 11*x - 15. Let j be r(7). Suppose -j*g - 12 = -15*g. Calculate the highest common divisor of 18 and g.
6
Suppose 0 = -3*q - 3*q + 6. What is the highest common factor of q and 9?
1
Let h be (-1 + 0)/(3/(-15)). Let b be (-1)/h - 62/(-10). Let y be 6 - (-2 + 2 - 0). What is the greatest common factor of y and b?
6
Suppose 5*f + 39 - 9 = 0. Let z be 2 + 8/f*-9. Calculate the greatest common divisor of 154 and z.
14
Let k be (4/(-14))/(2/(-14)). Let i be (-1 + k)/((-2)/(-14)). Calculate the highest common divisor of i and 1.
1
Let g be (-58)/(-3) - (-2)/3. Suppose -a + g = a. Suppose -8*y + y = -420. What is the highest common factor of y and a?
10
Let y(m) = -8*m + 1. Let b be y(-3). Suppose 70 = 5*h - b. Suppose 0 = 2*t + l - 417, 0 = 5*t + 4*l - 0*l - 1041. What is the highest common factor of t and h?
19
Let s = 397 - 215. What is the highest common factor of 13 and s?
13
Let x(s) = -s**3 - 5*s**2. Let j be x(-5). Suppose -3*h - 3 = 0, 2*q - 3*h + 6*h - 85 = j. What is the highest common divisor of q and 110?
22
Suppose -136 = -4*o - 0*o. Suppose -11 = -i - 2*l - 0*l, 0 = 5*i + 3*l - o. What is the greatest common factor of i and 20?
5
Let k = 36 - 74. Let d = -22 - k. Let f be 0/6 + 2*64. What is the greatest common factor of f and d?
16
Suppose 5*c + g + 382 = -g, -3*g = -3*c - 225. Let x = 14 - c. Let y = 57 + -21. Calculate the highest common divisor of y and x.
18
Let m be 304/72 + (-6)/27. Calculate the highest common divisor of 4 and m.
4
Suppose z - 396 = -2*z. Let p be 24*(3 + -3 + -1). Let q = -12 - p. Calculate the highest common divisor of z and q.
12
Let r(t) = -16*t - 14*t + 10*t. Let c be r(-1). Suppose c + 10 = 3*d. Calculate the greatest common factor of 2 and d.
2
Let z = 136 - 94. What is the greatest common divisor of z and 21?
21
Let p = -31 + 52. Calculate the greatest common divisor of p and 84.
21
Let z(p) = p**2 - 5*p - 2. Let q be z(6). Calculate the greatest common divisor of 28 and q.
4
Suppose -f = -6*f + 25. Let h be 1/f - (-476)/20. Calculate the greatest common divisor of h and 36.
12
Let w be (-28)/(-5) + 0 - (-22)/55. What is the highest common divisor of w and 18?
6
Let n = 31 + -8. Calculate the greatest common divisor of 184 and n.
23
Let w = -5 - -7. Let v(k) = -k - w*k - 2*k - 4 - 3*k. Let i be v(-5). What is the greatest common factor of 9 and i?
9
Suppose 949 = 5*l - 0*o - o, 0 = 5*l - 4*o - 946. What is the highest common factor of 10 and l?
10
Let c(l) be the first derivative of -l**4/4 + 4*l**3/3 + 5*l**2/2 - 5*l + 1. Let j be c(4). Let u = -103 + 163. What is the highest common divisor of u and j?
15
Let t = -18 + 10. Let h = 11 + t. Let q(c) = c - 4. Let w be q(7). Calculate the greatest common factor of w and h.
3
Let k = -280 - -434. Calculate the highest common factor of k and 14.
14
Let a(y) = y**3 - 18*y**2 + 18*y + 5. Let h be a(17). Calculate the greatest common factor of h and 2.
2
Suppose -11*s + 6*s + 180 = 0. What is the highest common divisor of s and 4?
4
Let v(p) = 3*p**2 - 3*p + 6. Let n be v(-6). Calculate the highest common divisor of 12 and n.
12
Let w be 14/(-1)*2/4. Let x = 16 + w. Suppose -x = -3*v + 36. What is the highest common factor of 5 and v?
5
Let i(w) = 32*w**2 + 4*w + 10. Let o be i(-4). Calculate the greatest common divisor of o and 46.
46
Let d(f) = f + 5. Let h be d(-8). Let v(a) = -2*a**3 + a**2 + 3*a - 4. Let o be v(h). Suppose 3*j - j = 20. Calculate the greatest common divisor of j and o.
10
Suppose -i = 3*t - 31, 4*i = 6*i + 5*t - 61. Suppose -4*m = -2*y - 2, y - 26 + 3 = -4*m. What is the greatest common divisor of y and i?
7
Let h(w) = -w**3 - 3*w**2 + 2*w - 5. Let a be h(-4). Calculate the greatest common divisor of a and 6.
3
Suppose 55 = 3*h + g, -5*h + 7 = -5*g - 58. Suppose 2*u = -u + 234. Let t = -27 + u. What is the greatest common factor of t and h?
17
Let l(o) be the first derivative of 28*o**3/3 + 3*o**2/2 + 2*o + 8. Let j be l(-2). Calculate the highest common factor of 72 and j.
36
Suppose 0*z - 4*k = -4*z + 176, 2*z - 94 = -4*k. Let v be (-4)/10 - 27/(-5). What is the highest common factor of z and v?
5
Suppose 293 = -4*z + 13. Let x be (z + -2)*8/(-6). Calculate the greatest common factor of x and 12.
12
Let p(z) = -9*z + 110. Let b be p(11). Let d(x) = 28*x - 3. Let l be d(4). Suppose 21 - l = -u. Calculate the greatest common factor of b and u.
11
Suppose -2*c + 6*c + 4*v = 692, 4*v + 829 = 5*c. What is the greatest common divisor of 13 and c?
13
Let a(j) = j**2 + 4*j + 4. Let c be a(-4). Let p = -4 + c. Suppose 2*s - 11 = -2*n + 105, 4*s + 3*n - 228 = p. Calculate the highest common divisor of s and 6.
6
Let s(i) = 61*i - 2. Suppose 6*v - 6 = 3*v. Let f be s(v). Suppose f = -4*p + 8*p. Calculate the highest common factor of 10 and p.
10
Let u = 14 - 9. Suppose s + 484 = u*s. What is the highest common factor of s and 11?
11
Let y be 6/(-1)*10/(-20). Let r be 3/(y + -6 - -4). Calculate the highest common factor of 3 and r.
3
Suppose 4*b - 135 = -b. Suppose 0 = i - 4*o + 6, o + 13 = 2*i - 3. Let m = i + -7. Calculate the highest common factor of b and m.
3
Suppose -n + 8 = n. Let x be (-9)/(2 - 14/n). Let b(d) = d**3 + 7*d**2 + 2*d. Let j be b(-6). Calculate the greatest common factor of x and j.
6
Let q be 28/8*(-2)/(-1). Suppose 2*m - 8 = -y, -m + y + 0 + q = 0. Suppose 8 = m*j - 7. Calculate the highest common factor of j and 3.
3
Let f(u) = -u - 7. Let d be f(-7). Let m = 5 - d. Suppose 3*w - 4 = 4*s + 7, 3*w - 47 = -m*s. Calculate the greatest common divisor of 9 and w.
9
Let b = -46 - -101. Calculate the greatest common factor of 5 and b.
5
Let x be 6/48*28*2. Let p = -45 - -66. Calculate the highest common factor of x and p.
7
Let u be 1/(-3)*(93 + -6). Let v = 52 + u. What is the highest common factor of 184 and v?
23
Suppose -u + 3*u = -60. Let s = 30 - u. Suppose 5*h - 20 = 3*h. What is the highest common factor of s and h?
10
Let w be (-1 + 14 - 2) + 0. Let b be 4/10 - (1 - (-174)/(-15)). What is the highest common factor of w and b?
11
Suppose -w + 5*p - 10 = -2, w - p = 4. Calculate the highest common factor of 7 and w.
7
Let a = -10 + 22. Suppose 3*w + h = 33, -5*h - a = w - 3